e greatest common divisor of h and r?
1
Let b(i) = 8*i - 212. Let y be b(43). What is the greatest common factor of 2156 and y?
44
Let d = 610 + -331. Suppose 45*r = 41*r + 1488. Calculate the highest common factor of r and d.
93
Let y = 5355 - 2813. Calculate the greatest common divisor of y and 62.
62
Let l be (-7*(-7 + 5))/(((-3)/27)/(-1)). Calculate the greatest common factor of l and 98.
14
Let l(t) = -t**3 - 80*t**2 + 3443*t + 250. Let j be l(-111). Let s(i) = 16*i - 1. Let v be s(4). What is the greatest common factor of j and v?
7
Let g = -12673 + 12749. Calculate the greatest common divisor of 36 and g.
4
Suppose -b + 3*s = -0*b + 2, 0 = -2*b + 2*s + 12. Let k be (-85)/34*(-168)/b. Calculate the greatest common factor of k and 98.
14
Let k be (-55336)/(-52) + -2 - 8/52. Suppose -3*g = -s - g + 358, k = 3*s - 3*g. What is the greatest common divisor of s and 25?
25
Suppose 3*z + 378 = -12. Let r = z - -140. Let b be (-4)/(-8)*r + 86. What is the greatest common divisor of 13 and b?
13
Let z be 4*(-146)/(-32)*-4. Let h = -66 - z. What is the greatest common divisor of h and 28?
7
Let t(u) = u**3 + 36*u**2 + 36*u + 56. Let h be t(-35). Let b(d) = d**2 - 18*d - 30. Let m be b(h). Calculate the greatest common divisor of m and 9.
3
Let b be (-3 - 3) + 4 + 42/6. Suppose -79 = -b*z - 3*u + 38, -2*u = -5*z + 97. Suppose 0 = p + 2 - 9. What is the greatest common divisor of p and z?
7
Suppose 260 = 3*b - 0*o - o, 0 = -2*o - 10. Let l = -383 + 417. Calculate the highest common factor of b and l.
17
Suppose 4*i = -b + 19, 4*b - 9*b + 9*i + 95 = 0. What is the greatest common divisor of b and 323?
19
Let z(w) = -4*w + 18. Let p(i) = 5*i + 23. Let d be p(-4). Suppose 0 = 2*j + 11 - d. Let y be z(j). What is the greatest common factor of y and 51?
17
Suppose 2*a = o + 164 - 35, -4*a = 3*o - 233. Let n = a + -36. Calculate the greatest common divisor of 286 and n.
26
Let h(u) = u**3 + 2*u**2 + 199*u + 1080. Let y be h(-5). Calculate the highest common divisor of y and 17140.
10
Let d = -26 - -36. Let x(t) = -t**3 - 39*t**2 - 164*t + 239. Let q be x(-34). What is the highest common factor of d and q?
5
Let o be 399/7*2/(-6). Let c(w) = -2*w - 12 + 3 - 1 - 13 + w**2. Let l be c(o). Calculate the highest common factor of l and 47.
47
Suppose 88 = 39*b - 72 - 269. What is the highest common factor of 4125 and b?
11
Let b = 6543 - 6427. Calculate the highest common factor of 44196 and b.
116
Let d(y) = 2*y**2 - 5*y. Let q be d(-6). Calculate the greatest common divisor of q and 1462.
34
Suppose -187*s = 1910 - 4715. Suppose 2*k + 1 = 5. Suppose 5*l - 28 = o, k*l = -6*o + 3*o + 1. What is the highest common factor of l and s?
5
Suppose -3*r + 23 = 2*q, 5*q - r = -6*r + 45. Suppose m - 45 = l, -5*m + 0*m + 224 = -q*l. What is the highest common factor of 154 and m?
22
Let i = 171 - 286. Let a = i + 88. Let b be (-15)/9*2*a. What is the greatest common factor of b and 18?
18
Suppose -1470 = -4*u + 3*i, 0 = -2*u - 3*i + 276 + 468. Suppose 7*r + u = 915. What is the highest common factor of 104 and r?
26
Let b be ((-322)/(-2))/((12 - 5)/7). Let d be ((-8)/16)/((-1)/92). Calculate the greatest common factor of b and d.
23
Let v be (-5)/(-2)*58/29. What is the greatest common factor of 4025 and v?
5
Let z = 1854 + -190. What is the greatest common divisor of z and 26?
26
Suppose -p - 5*c + 2087 = 0, -4*p + 4495 + 3997 = -4*c. What is the highest common divisor of 146 and p?
73
Let z = -356 - -374. Suppose 18 = g - 13*s + z*s, 2*g - 2*s - 12 = 0. Calculate the greatest common factor of 32 and g.
8
Let r = -3860 - -6785. What is the greatest common factor of r and 495?
45
Let c be (4 - 284)/(-4) + (-42)/(-21). What is the highest common divisor of 32 and c?
8
Let h(s) = 3370*s**2 - 28*s - 16. Let o be h(-2). Calculate the highest common factor of 80 and o.
80
Let l(j) = 31*j + 20*j - 60*j - 88 + 23*j. Let t be l(7). What is the greatest common divisor of t and 125?
5
Let j(d) = 188*d - 2. Let m be j(-1). Let l = -170 - m. Suppose -280 = -3*g + g. What is the highest common divisor of g and l?
20
Suppose o - 17 - 10 = 0. Let w(k) = 55*k + 3. Let t(j) = -56*j - 4. Let a(y) = 2*t(y) + 3*w(y). Let b be a(1). Calculate the highest common factor of o and b.
27
Let q be (-6)/(-3) - -179 - (-6 + 4). Suppose 4*f = -20, -4*y - 5*f + q + 364 = 0. Calculate the highest common factor of 55 and y.
11
Let q be ((-132)/(-21))/((-65)/(-455)). Suppose 0 = -j + 2*v + 30, -4*j + 3*v - 3 = -103. Calculate the greatest common divisor of q and j.
22
Suppose 3*v = f - 81 + 10, 6 = 3*v. What is the highest common factor of 4501 and f?
7
Suppose -26139 + 8583 = 12*g. Let k be 0 + 2/(-15) - g/285. Calculate the highest common factor of k and 125.
5
Let p be (126/(-4))/(2/(-4)). Let i be (36/(-14))/(-6 + (-348)/(-56)). Let a be (-17)/(17/i) - 3. Calculate the greatest common factor of p and a.
9
Suppose 93 = 3*c + 10*p - 7*p, c - p - 33 = 0. Calculate the highest common divisor of c and 1008.
16
Let q(v) = 2*v**3 - 44*v**2 - 45*v + 43. Let b be q(23). What is the greatest common factor of 11 and b?
11
Suppose 9 = 2*c - 5. Let f = -209 + 197. Let w(t) = t**2 + 9*t + 27. Let i be w(f). What is the greatest common divisor of i and c?
7
Suppose -2*d = -2*s - 498, -5*s + 4*s = -4. Let h be 1/((-69)/(-6)) + 1749/d. What is the greatest common divisor of h and 35?
7
Let r be (84 - 109)*81/(-15). Calculate the greatest common factor of r and 42795.
135
Suppose 2*a - 26 = -0*a. Suppose 0 = -3*c + 29 + 22. Suppose -5*r - 57 = -4*p, c = 2*p - p - 4*r. Calculate the greatest common divisor of p and a.
13
Let h = -12053 - -13950. What is the greatest common divisor of h and 7?
7
Let b be 99/22 - 33/(-22) - -13 - -1. Let k be 6/4*(9 + -1). Calculate the greatest common divisor of k and b.
4
Let r = -228 + 233. Suppose -369 = -26*d - r. Calculate the highest common factor of 238 and d.
14
Suppose 0 = 5*n - 25, -252*s + 248*s - 3*n = -14163. What is the greatest common factor of s and 81?
27
Suppose 0 = 17*p - 11*p + 360. Let v = p - -111. What is the highest common divisor of v and 68?
17
Let s = 37 - 25. Let d(i) = 295*i + 9. Let c be d(1). Let u be ((0 - -5) + c/(-80))*40. Calculate the greatest common divisor of s and u.
12
Let t = 98 - 53. Let j(g) = 9*g - 908. Let d be j(102). What is the greatest common factor of d and t?
5
Let c be (-103)/(5*4/280*(-1 + -1)). Calculate the greatest common factor of 1751 and c.
103
Suppose -5*a = -3*a + 2*o - 82, -3*a + 2*o + 128 = 0. Suppose 48*u - 646 = -166. Let m be -8*(-18)/120*u. What is the highest common factor of m and a?
6
Suppose 9*w = 161 + 910. Let j = w + -109. What is the highest common factor of 5 and j?
5
Let v(j) = -j**2 - 25*j - 58. Let w be v(-21). Suppose 3*p + 2 - 41 = y, 0 = p + 4*y - w. What is the highest common factor of p and 6?
2
Let b = 330 - 99. Suppose -2*o - 600 = 5*w, -2*w - 2*o - 15 = b. Let j = w + 122. Calculate the highest common divisor of 10 and j.
2
Let w(a) be the first derivative of -20 + 1/3*a**3 - 1/4*a**4 - 2*a - 1/2*a**2. Let k be w(-2). Calculate the greatest common factor of k and 4.
4
Suppose -34*l - 1010 + 3458 = 0. Let r(o) = o**2 - 2*o + 1. Let p be r(5). What is the highest common divisor of p and l?
8
Suppose -6*a + 71 = 2*l - 133, 0 = -l - 4*a + 106. What is the highest common divisor of 3555 and l?
45
Let h(s) = s**3 - 10*s**2 - 5*s. Let m be h(13). Let n be 20/(-65)*-85 - 16/104. Calculate the highest common divisor of n and m.
26
Let c be (1*(-300)/(-14))/(8/112). Let b be (10/7)/(8/112). Calculate the highest common factor of c and b.
20
Let d be (-3)/4 - ((-26)/(-8) - 2). Let m be -5*(d - (1 + -3)/2). Let s = m - -11. What is the highest common divisor of 16 and s?
16
Let l be 2*(8031/22 - (-672)/(-1232)). Calculate the greatest common divisor of l and 351.
27
Suppose 456 = -2103*q + 2122*q. What is the highest common divisor of q and 492?
12
Suppose -a - 2 + 56 = 0. Let g = a + -32. Calculate the greatest common divisor of g and 33.
11
Let h = 568 + -975. Let x be (-24)/8 + 1*4 - h. Calculate the highest common factor of 51 and x.
51
Let d(k) = -2*k**3 - 17*k**2 + 6*k + 11. Let v be d(-8). Let o = -33 - v. What is the highest common divisor of 136 and o?
68
Let x(v) be the second derivative of -11*v**